i - 4*i = 8, -4*p - 10 = i. Let n be -3 - ((-36)/(-4) + p). What is the units digit of n/(-4)*230/25?
3
Let r be (6 - 2)/((-8)/(-1612)). Suppose 3*y - 2*b - 418 = 0, 5*y + 108 = 4*b + r. What is the hundreds digit of y?
1
Suppose 4*k + u - 527 = 230, -2*u = -3*k + 565. What is the tens digit of k?
8
Suppose -8*h + h = -21. Suppose -3*t + 18 = 3*a - 3, h = 4*t - a. Suppose w - 206 = -4*x - 0*w, 5*x = -t*w + 256. What is the units digit of x?
2
Suppose -4*u - 2*g - 60 = u, g + 37 = -3*u. Let r = -328 - -318. Let h = r - u. What is the units digit of h?
4
Suppose -1 = -3*t - 4. Let i(h) = 14*h**2 + 3 + 2 - h**2 - 6. What is the units digit of i(t)?
2
Suppose 0 = -7*i + 15*i - 856. What is the hundreds digit of i?
1
Suppose 12*w - 5974 = -358. What is the tens digit of w?
6
Suppose -2*x = -5*x + 15. Suppose 664 = -4*a - 5*n, -489 - 332 = x*a + 4*n. Let s = -115 - a. What is the units digit of s?
6
Suppose 258 = -2*j + 636. What is the tens digit of j?
8
Let q(o) be the third derivative of o**5/15 - o**3 + 5*o**2. What is the tens digit of q(-4)?
5
Let p(b) = -b**2 + 18*b - 33. Let i be p(15). Suppose -k = -0*k - i. What is the tens digit of k?
1
Suppose 5*j = -j + 216. Let h = j - 6. What is the units digit of h?
0
Suppose 3*x - 6*x = -2*j - 12, 5*j + 20 = 5*x. Suppose v + 17 - 75 = j. What is the units digit of v?
8
Suppose 0*j + j = -3*s + 19, 5*s - 31 = -2*j. Let x = s + -4. Suppose 3*g = -6 - 3, 2*r + x*g = 35. What is the tens digit of r?
2
Suppose 2*q = 2 + 12. Let p(t) be the second derivative of t**3/6 - t**2/2 - t. What is the units digit of p(q)?
6
Let s(n) = n**3 - 25*n**2 - 25*n - 17. What is the units digit of s(26)?
9
Suppose 0 = -11*w + 14110 - 1163. What is the thousands digit of w?
1
Let r(v) = 14*v**3 + 5*v**2 + 6*v + 4. Let i be r(-2). Let m = 255 + i. What is the hundreds digit of m?
1
Let b(f) = f**3 - 5*f**2 + 7*f - 7. Let t be b(6). Let q(n) = 2*n**3 - 12*n**2 - 2*n. Let j be q(6). Let y = j + t. What is the units digit of y?
9
What is the tens digit of -36*(1/(-3) + (-868)/42)?
5
Suppose 0 = -3*m + m + s - 158, 4*s - 401 = 5*m. Let n = m - -146. What is the tens digit of n?
6
What is the tens digit of (2481/(-18) - 5)*18/(-3)?
5
Let k = 2546 + -1358. What is the units digit of k?
8
What is the units digit of (32 - -4)*(-38)/(-3)?
6
Let i = 3792 - 2132. What is the hundreds digit of i?
6
Let o(i) be the third derivative of i**5/60 - i**4/24 - i**3/3 - 4*i**2. Let p be o(3). Suppose p*a = 7*a - 78. What is the tens digit of a?
2
Suppose 409068 = 163*x - 64*x. What is the hundreds digit of x?
1
Let c be (-2)/((-4)/(-2)) + 3. Suppose p + c*p - 240 = 0. What is the tens digit of p?
8
Let n be 11/((-33)/(-126)) - 0. Let a = n - 23. What is the units digit of a?
9
Suppose 0 = -7*d + 4*d + 3*k + 606, -4*d + k = -799. What is the units digit of d?
9
Let x(t) = 3*t**3 - 2*t**2 + 12*t - 6. Let c be x(4). Suppose 2*a + c - 534 = 0. What is the hundreds digit of a?
1
Let k = -8 + 2. Let m be 32/6 - 4/k. What is the units digit of 43/m + (-2)/12?
7
Let g = 2889 - 434. What is the units digit of g?
5
What is the hundreds digit of 2*9/(-12)*(-5530)/21?
3
Let n(t) = -t**3 - 10*t**2 + t + 12. Let y be n(-10). What is the hundreds digit of (2060/(-30))/(-3*y/27)?
3
Let u(i) = 2*i**2 + 4*i + 3. Let x be (-2)/((-8)/(-6))*70/15. What is the units digit of u(x)?
3
Suppose 4*g - 9*g + 85 = 0. Let q = 20 - g. What is the units digit of q?
3
Let j be (43 - 1)/(-1 - -3). Suppose j = 3*s - 3*p, s = 2*s - 2*p - 12. What is the units digit of 0/(-2) + s + 10?
2
Let d = 12 - 0. Suppose 5*y - y + d = 4*b, y = -4*b + 37. What is the units digit of b?
8
Suppose -4*j + 51 = 5*l, 5*j - 2*j - 2*l - 21 = 0. Let c(d) = 2*d + 3. Let u be c(0). Suppose -60 + j = -u*b. What is the tens digit of b?
1
Let q(x) = x**2 + 3*x - 4. Let p(k) = -2*k - 6. Let a be p(-5). Let c be q(a). Let d = c - -17. What is the tens digit of d?
4
Let a(c) = -33*c**2 + 6*c - 5. Let t(q) = 33*q**2 - 7*q + 6. Let j(r) = -5*a(r) - 4*t(r). Let x be j(1). Let p = x - 6. What is the tens digit of p?
2
Let p(f) = 2*f**3 - f**2 + 5*f - 5. Let y be p(-3). Let z = -25 - y. What is the units digit of z?
8
Suppose -337 = -p - 56*r + 52*r, -2*p + 663 = -3*r. What is the hundreds digit of p?
3
Suppose -11 - 1 = -l. What is the tens digit of 6/l*172/2?
4
Suppose 4*y + 5*g = 165, 0*y - 5*y = -g - 228. Let a be 22/33 - 172/6. Let f = y + a. What is the units digit of f?
7
Let v(f) = -93*f + 355. What is the hundreds digit of v(-17)?
9
Suppose -4*j + 1054 = 3*h - 66, -5*j = -3*h + 1165. What is the hundreds digit of (33/(-5) - -1)/((-19)/h)?
1
Let x be (6 + -2)*(9/4)/(-1). Let b(a) = -11*a - 10. What is the units digit of b(x)?
9
Let c be (-1023)/(-22) + (-1)/(-2). What is the units digit of c*((-20)/(-4) + -3)?
4
Let v = 22 + -14. Suppose v*b - 3*b - 5 = 0. What is the units digit of b/3*(53 + 4)?
9
Suppose 5*c - 2*c - 9 = -i, i + 2*c = 13. What is the tens digit of i?
2
Suppose -494 = -4*x - y - 132, -5*x = y - 452. Let a = x - 27. What is the units digit of a?
3
Let d = 732 - 282. What is the units digit of d?
0
Let l(m) = -2*m - 19. Let w be l(-11). Let f(g) = 4*g + 5. What is the units digit of f(w)?
7
Let r(g) = 3 + 4 - 4 - 2 - 2*g. Let a be r(4). Let n(c) = c**3 + 7*c**2 - c - 4. What is the units digit of n(a)?
3
Let j = -137 - -109. Let k = j - -145. What is the tens digit of k?
1
Let r = 0 - -3. Suppose -l + r*l = 100. Suppose n - l = -n. What is the tens digit of n?
2
Let m(d) = -d**2 + 42*d + 11. What is the hundreds digit of m(35)?
2
Suppose -4*z = 5*p + 13, 3*z - 4*z + 5*p = -28. Suppose z*d = -7*d + 860. What is the units digit of d?
6
Suppose -385 = -23*y + 22*y. What is the tens digit of y?
8
Let w(r) = -8*r**2 + 31*r + 15. Let u(o) = 3*o**2 - 10*o - 5. Let v(k) = 7*u(k) + 2*w(k). What is the units digit of v(-4)?
7
Suppose -q = -1189 + 333. What is the units digit of q?
6
Let j(v) = v**2 + v - 33. Let h be j(0). Suppose -y = -42 + 115. Let r = h - y. What is the tens digit of r?
4
Let l = 13 - 13. Suppose 2*z = 4*p - l*z + 70, 70 = -3*p - 2*z. Let h = 4 - p. What is the units digit of h?
4
Let u(z) = z**3 - 5*z**2 + 6*z + 7. Let m be u(6). Suppose 3*a - 4*a + m = 0. What is the tens digit of a?
7
Let t = 15 - 14. Let w be 2*((-14)/(-2) + t). What is the units digit of 718/w + (-1)/(-8)?
5
What is the hundreds digit of (-28 - 41)*(-130)/15?
5
Let l = -8 + 14. Suppose 0 = -5*f - l + 21. Suppose -f*w + 4*w = -2*q + 34, -3*w - 5*q + 99 = 0. What is the units digit of w?
8
Let r(l) = l + 10. Let n be r(-10). Suppose n = -12*z + 5*z + 679. What is the units digit of z?
7
Suppose -2*q + 7 = 4*k + 3, 3*k + 10 = 5*q. Suppose -6*c + 3*c + 102 = k. Suppose r - 13 = -v, -2*v + 0*v - c = -3*r. What is the tens digit of r?
1
Let h be (-33)/(-18)*-2*-3. Let f = 11 - h. Suppose f = 5*x + 4*v - 64, -2*v + 6*v = -3*x + 40. What is the units digit of x?
2
Suppose -g + 628 = 8*b - 12*b, -5*g + 3035 = b. What is the units digit of g?
8
Suppose 2*m - 2*b - b - 18 = 0, 2*m - b - 14 = 0. Let j be (-3)/6*-6 + 3. Let y = m + j. What is the tens digit of y?
1
Let i = 150 + -104. Suppose -3*a + 5*a - i = 0. What is the tens digit of a?
2
Suppose 2323 = 31*w - 8*w. What is the tens digit of w?
0
Let s(a) be the third derivative of -3*a**4/4 - a**3 - 21*a**2. What is the tens digit of s(-9)?
5
Suppose -2*i + 1339 = -x, 4*i - 5*i - 5*x = -686. What is the tens digit of i?
7
Suppose -21*i = -19*i - 8. Suppose -4*o - i*o + 688 = 0. What is the tens digit of o?
8
Let f(t) = 20*t**2 + 3*t + 1. Let r be f(-1). Let m(o) = -o**2 + 18*o + 13. Let h be m(r). Let g(l) = -l**2 + 18*l + 1. What is the tens digit of g(h)?
6
Suppose 5*h - 6 = -4*l + 7, l - 4 = -2*h. Let z be ((-15)/20)/(h/(-4)). What is the units digit of 1/(2/z)*14?
1
Let l be (302/(-4))/(10/20). Let n = l - -334. What is the tens digit of n?
8
Suppose -4*k - 18*x = -23*x - 4327, 0 = 2*k - 3*x - 2165. What is the thousands digit of k?
1
Let v = 40 - 35. Suppose o - 181 = -o - v*j, 90 = o + 2*j. What is the units digit of o?
8
Let a(d) = d**3 + 32*d**2 - 49*d + 42. What is the hundreds digit of a(-33)?
5
What is the tens digit of 3 + (6*(-4)/6 - -579)?
7
Suppose 13*h = 11*h + 172. Let x = h - 63. What is the units digit of x?
3
Suppose -5*x = 5*f - 2030, -2*f -